. Let i = q - -33. Let z(w) = -w**3 + 12*w**2 - 11*w + 14. List the prime factors of z(i).
2, 7
Suppose 5 + 7 = 4*p. Suppose 0 = -p*c + 2*c + 8. List the prime factors of c.
2
Suppose 41 = 5*a - 4. Let o(g) = g**2 - 8*g - 3. What are the prime factors of o(a)?
2, 3
Let j(w) = -w**3 - 7*w**2 - 6*w + 2. Let a be j(-6). Let k be a/8 + 54/8. Suppose -h = -k + 2. List the prime factors of h.
5
Let v = -6 - -8. Suppose v = k - 12. Suppose f - k = 9. What are the prime factors of f?
23
Suppose -n - 5 = -2*o - 38, 5*o = 2*n - 66. Suppose 0 = 3*t - 57 - n. List the prime factors of t.
2, 3, 5
List the prime factors of (-4)/6*(1975/(-10) - -4).
3, 43
Suppose 1 = 3*b - 5. Suppose -k + n = -13, 5*k - b*n = 4 + 49. Let h = 14 - k. What are the prime factors of h?
5
Suppose -2*n = -5*n. Suppose n = 2*z - z - 4*m - 32, 3*m + 126 = 5*z. Let r = z - 14. List the prime factors of r.
2, 5
Suppose -2*j - 2*z + 336 = 0, 0*z + 5*z + 790 = 5*j. What are the prime factors of j?
163
What are the prime factors of (1 + -399)*(7 + (-45)/6)?
199
Let r = 2 + 9. Suppose b = r + 20. What are the prime factors of b?
31
Suppose 19 - 479 = -5*u. List the prime factors of u.
2, 23
Let g(o) = -o**3 - 17*o**2 - 7*o - 31. List the prime factors of g(-17).
2, 11
Let n = -4 - -30. What are the prime factors of n + 3 + -1 + 3?
31
Let s be 80/5 + -1*2. Suppose 0 = 4*u + 7 - 27. Suppose -u*m + 27 = 3*g, s - 5 = 3*g - m. List the prime factors of g.
2
Let m = 39 - -11. What are the prime factors of m?
2, 5
Let d = -29 - -53. What are the prime factors of (d - 3) + 1*-1?
2, 5
Let p(g) = 2*g**2 + 4*g + 2. Let n(q) = q + 1. Let u(d) = 7*d + 2. Let r(t) = 6*n(t) - u(t). Let v be r(7). What are the prime factors of p(v)?
2
Let k be 1/2 + (-2)/4. Suppose -m + 18 - 10 = k. What are the prime factors of m?
2
Let b be -1*(-1 + (-21)/(-3)). Let m be 0 - (0 - b - 0). Let n = m + 8. List the prime factors of n.
2
Let v = 22 + -50. List the prime factors of (v/8)/((-1)/4).
2, 7
Let y be (3/(-6))/((-1)/8). Suppose -y*p + 17 + 10 = i, -5*i = -4*p - 15. List the prime factors of i.
7
Suppose -24 = -4*k + 4*c, -k - 3*k + 3*c = -26. Suppose -1 = i - k. Suppose -53 = -3*g + 4*d, 32 = -5*d + i. List the prime factors of g.
11
Let r be (0 - 2)/(0 - 2). Let n be (3 + -1)/(r/28). Suppose 3*y - n = 4. What are the prime factors of y?
2, 5
Let f be 1*-1 + (-147)/7. Let g = 53 - 20. Let x = f + g. List the prime factors of x.
11
Let h(q) = q**3 - 9*q**2 + 2*q + 5. List the prime factors of h(9).
23
Let k(y) = -y**3 - 6*y**2 + 6*y. List the prime factors of k(-7).
7
Let a be 4/((3/3)/(-1)). Let w = -8 - a. Let g = w - -9. What are the prime factors of g?
5
Let u(v) = -7*v**3 - 7*v**2 - 9*v + 17. Let r(i) = -4*i**3 - 3*i**2 - 5*i + 8. Let w(p) = -5*r(p) + 3*u(p). What are the prime factors of w(-6)?
23
Suppose -5*y - 23 + 98 = 0. List the prime factors of y.
3, 5
Suppose -3*l = -3*g + 18, -2*l + 0*g - 2*g = 0. Let r be 1/l - 20/3. List the prime factors of 75/7 - 2/r.
11
Suppose 5*j = -3*o + 16, -2*o - o = -3*j. Let x(g) = 3*g**3 + g**2 - 3*g + 1. What are the prime factors of x(o)?
23
Suppose 3*y - 7*y = 16. Let k = y - 4. List the prime factors of ((-54)/k)/((-3)/(-8)).
2, 3
Suppose -3*q + 5*q - 12 = 0. Suppose -5*k + i = -26, 3*i - 3 - 3 = k. What are the prime factors of (q/4)/(k/40)?
2, 5
Suppose 250 = 9*r - 290. What are the prime factors of r?
2, 3, 5
Suppose -51 - 312 = -3*l. List the prime factors of l.
11
Suppose -4*r - 9 = -3*r. Let x = 7 - r. List the prime factors of x.
2
Let z be (27/(-3))/(6/(-4)). What are the prime factors of (-4)/6*z*-2?
2
Suppose 3*t - 146 = c - 0*c, -4*c = -3*t + 143. What are the prime factors of t?
7
Suppose 4*j + 2*i = 46, 4*i = 2*j - 0 + 2. What are the prime factors of j?
3
Suppose -15 = -5*k + u, 5*k - 20 - 5 = 3*u. Suppose 3*n = 7 + k. List the prime factors of n.
3
Suppose 0 = -2*s + 4*i + 160, s - 2*s + 86 = i. List the prime factors of s.
2, 3, 7
Let f(s) = -2*s - 9. Let c be f(-8). Suppose -5*l = 5, 0 = -c*r + 4*r + 5*l + 137. Suppose -4*i = -m + 4*m - 44, -4*i + 2*m = -r. List the prime factors of i.
11
Let n(s) = 3*s**2 + 5*s + 4. Let m be n(-2). Let u = m - 0. List the prime factors of u.
2, 3
Let b(i) = -i + 1. Let t be b(5). Let h = 7 + t. Suppose 0 = h*u - 2 - 4. List the prime factors of u.
2
Let s = -8 + 35. What are the prime factors of s?
3
Let v be 1 + (2 + 1 - 9). Let b(h) = -h - 2. Let s be b(v). Let l = s + 1. What are the prime factors of l?
2
Suppose -2*i - 9 - 19 = 0. List the prime factors of 4/14 + (-108)/i.
2
Suppose -11*a = a - 888. List the prime factors of a.
2, 37
Let n be (2 - -13) + -2 + 1. Suppose 4*d + 4 = 4*p, 2*p + d + d = n. Suppose -9 = -4*l - 2*x + 7, 2*l + 3*x = p. What are the prime factors of l?
5
Suppose -4*j + 7 = 4*m - 5, -2*m + 3*j = -31. Let b be ((-18)/m)/((-6)/24). Let c(t) = t + 1. List the prime factors of c(b).
2, 5
Suppose -5*o = -o - 68. List the prime factors of o.
17
Suppose 0 = -5*o + 2*o + 6. Let i be o/(-2)*3/3. What are the prime factors of (-7)/(21/(-18)) + i?
5
Let l(r) = 17*r**2 - 4*r - 4. List the prime factors of l(-2).
2, 3
Suppose 3*j + 15 = 0, q - 29 = 4*q + 4*j. Let z = q + 31. List the prime factors of z.
2, 7
Let v(y) = -2*y**3 - y**2 + 2*y + 4. What are the prime factors of v(-4)?
2, 3
Suppose l + 19 = -3*b, l + 2*b + 17 = -0*l. Let a(g) = g**2 + 12*g - 11. What are the prime factors of a(l)?
2
Let k = 116 - 98. What are the prime factors of k?
2, 3
Let w be 57*(2 - 5/3). Suppose -5*l = 3*p + 2*p - 40, 0 = -3*p + 2*l + w. Suppose -5*m - 5 = p*s - 2*s, 4*m + 5*s + 7 = 0. What are the prime factors of m?
2
Let k(z) = -z**2 - 2*z + 2. Let n(p) = -p**3 - 3*p**2 + 5*p + 1. Let o be n(-4). Let m be (1*-4)/(o + 5). What are the prime factors of k(m)?
2
What are the prime factors of (-394)/(-8) - 4/16?
7
Suppose 6*v + 217 = 13*v. What are the prime factors of v?
31
Let z(x) = -2*x + 3*x + 0 - 4 + 2. Let w be z(3). What are the prime factors of (-5)/(2/(w + -3))?
5
Suppose -4*u - 129 = -3*i - u, -5*u = 25. What are the prime factors of i?
2, 19
Let d(i) = i**3 + 6*i**2 + 5*i + 5. What are the prime factors of d(-5)?
5
Let p(f) = -f - 3. Let z be p(-3). Let v be -1 - z - (-6 - -3). Suppose -3*b + 24 = v*q - 17, 3*q - 2 = -b. List the prime factors of b.
17
Let v = 67 + 8. Suppose 2*f = 7*f - v. What are the prime factors of f?
3, 5
Let i(f) = f**3 - 7*f**2 + 5*f. Let s(g) = g. Let j(y) = i(y) + 2*s(y). Let v be j(6). Let t = 0 + v. List the prime factors of t.
2, 3
Suppose 10*t = -14 + 74. List the prime factors of t.
2, 3
Suppose -26 = 3*q + 10. Let w = q - -42. What are the prime factors of w?
2, 3, 5
Let h = -60 - -105. What are the prime factors of h?
3, 5
Let u(w) = 4*w**2 + w. Let d be u(-1). Suppose 10 = -d*z + 4. What are the prime factors of (2/6)/(z/(-30))?
5
Let m(g) = g**3 + 7*g**2 - 8*g. Let z be m(-8). List the prime factors of 1*9 - z/(-7).
3
Let r(j) = -j + 10. Let v be r(5). Suppose 0 = 2*h - m - 11, v*h = 3*m - 2*m + 32. What are the prime factors of h?
7
Suppose 45*y - 158 = 44*y. List the prime factors of y.
2, 79
Suppose 4*a - 157 = 5*p, 4*a + 40 = 5*a - p. List the prime factors of a.
43
What are the prime factors of 11610/75 - 1/(-5)?
5, 31
Let y(q) = 22*q - 19. What are the prime factors of y(7)?
3, 5
Let h = -40 + 28. Let t = h - -7. Let z = t - -13. List the prime factors of z.
2
Suppose -5*n + 4*g + 0*g + 38 = 0, 5*n - 47 = g. List the prime factors of n.
2, 5
Let y = -14 - -33. Let i = 113 - y. List the prime factors of 2/(-9) - i/(-18).
5
Suppose -d = 2*d - 18. Suppose 2*m = 58 + d. What are the prime factors of m?
2
Suppose -2*u = 2*u. Suppose u = -5*s + s. Suppose 2*k - 19 = -3*z - s*z, 2*z - 4*k = 34. List the prime factors of z.
3
Let c(w) = -w - 1. Let g be c(-3). Let k be -3*(g - (-16)/(-6)). List the prime factors of (k/3)/(1/18).
2, 3
Let g(p) = p**3 + 11*p**2 - p + 1. Let v be g(-11). Let f = v - -15. What are the prime factors of f?
3
Let h(r) = 13*r**2 - 4*r. What are the prime factors of h(3)?
3, 5, 7
Suppose -2*w = -5*m + 4 - 33, 7 = -4*w - 3*m. Let c = 23 - w. List the prime factors of c.
3, 7
Let i(j) = -20*j**2 + 1. Let l be i(1). Let z = 32 + l. What are the prime factors of z?
13
Let p(g) = g**3 - 4*g**2 + 7*g - 7. What are the prime factors of p(5)?
53
Let v = 